{"id":154,"date":"2023-04-10T09:32:00","date_gmt":"2023-04-10T07:32:00","guid":{"rendered":"http:\/\/www.heidi-feldenkrais.de\/sample-page\/?page_id=154"},"modified":"2024-12-01T12:22:41","modified_gmt":"2024-12-01T11:22:41","slug":"agb","status":"publish","type":"page","link":"https:\/\/www.heidi-feldenkrais.de\/sample-page\/?page_id=154","title":{"rendered":"AGB"},"content":{"rendered":"[et_pb_section fb_built=&#8220;1&#8243; admin_label=&#8220;section&#8220; _builder_version=&#8220;4.16&#8243; global_colors_info=&#8220;{}&#8220;][et_pb_row admin_label=&#8220;row&#8220; _builder_version=&#8220;4.16&#8243; background_size=&#8220;initial&#8220; background_position=&#8220;top_left&#8220; background_repeat=&#8220;repeat&#8220; global_colors_info=&#8220;{}&#8220;][et_pb_column type=&#8220;4_4&#8243; _builder_version=&#8220;4.16&#8243; custom_padding=&#8220;|||&#8220; global_colors_info=&#8220;{}&#8220; custom_padding__hover=&#8220;|||&#8220;][et_pb_text admin_label=&#8220;Text&#8220; _builder_version=&#8220;4.16&#8243; background_size=&#8220;initial&#8220; background_position=&#8220;top_left&#8220; background_repeat=&#8220;repeat&#8220; global_colors_info=&#8220;{}&#8220;]<h1>ALLGEMEINE GESCH\u00c4FTSBEDINGUNGEN (AGB)<\/h1>\n<p><strong><em><span style=\"text-decoration: underline;\">Geltungsbereich<\/span><\/em><\/strong><br \/>Die folgenden Allgemeinen Gesch\u00e4ftsbedingungen regeln das Vertragsverh\u00e4ltnis zwischen den TeilnehmerInnen und Heidi Zimmermann ( im Folgenden Veranstalterin genannt).<\/p>\n<p><strong><em><span style=\"text-decoration: underline;\">Anwendungsbereich<\/span><\/em><\/strong><br \/>Diese AGB`s gelten f\u00fcr s\u00e4mtliche FELDENKRAIS\u00ae-Angebote von Heidi Zimmermann an unterschiedlichen Wirkungsst\u00e4tten, sowie Online via Zoom, sofern die jeweiligen Vertr\u00e4ge zur Teilnahme an den Angeboten nicht davon abweichen. Sie sind somit Bestandteil aller Vertr\u00e4ge zwischen Heidi Zimmermann und Teilnehmenden an Kursen, Workshops und anderer Veranstaltungen. Es wird bei Vertragsabschluss auf die AGBs hingewiesen.<\/p>\n<p><strong><span style=\"text-decoration: underline;\">2 Teilnahme an Angeboten<\/span><\/strong><\/p>\n<p><em>2.1 Teilnahmef\u00e4higkeit<\/em><br \/>Mit der Anmeldung erkl\u00e4ren Sie, dass der Teilnahme an Kursen, Workshops o.\u00e4. keine gesundheitlichen Bedenken entgegenstehen.<\/p>\n<p>2.2 A<em>nmeldung<\/em><br \/>Ihre Anmeldung zu einem FELDENKRAIS-Kurs erfolgt via E-Mail oder per Telefon unter Angabe von Namen und Adresse. Die schriftliche oder m\u00fcndliche Anmeldung zu einem Kurs gilt als verbindlich, sobald sie von der Veranstalterin best\u00e4tigt wurde. Die Anmeldung verpflichtet zur Bezahlung der gesamten Geb\u00fchr, auch wenn der Unterricht nicht oder nur teilweise im gebuchten Zeitraum besucht werden kann. Die Anmeldung berechtigt Sie zur Teilnahme an dem Kurs.<br \/>Mit Ihrer Anmeldung bzw. Teilnahme erkennen sie diese AGB&#8217;S ausdr\u00fccklich an. Abweichungen von diesen Bedingungen und andere Nebenabreden bed\u00fcrfen der Schriftform.<\/p>\n<p><em>2.3. Bezahlung<\/em><br \/>Die Teilnahmegeb\u00fchr f\u00fcr einen Kurs ist sp\u00e4testens drei Tage vor der ersten Unterrichtsstunde auf folgendes Konto zu \u00fcberweisen.<br \/>In Ausnahmef\u00e4llen kann die Teilnahmegeb\u00fchr zu Beginn der ersten Unterrichtsstunde in bar gezahlt werden.<\/p>\n<p><em>2.3. Widerrufsbelehrung<br \/><\/em>Ein Widerrufsrecht f\u00fcr Verbraucher besteht nicht bzw. das Widerrufsrecht f\u00fcr Verbraucher kann vorzeitig erl\u00f6schen bei Vertr\u00e4gen zu Erbringung von Dienstleistungen im Zusammenhang mit Freizeitbet\u00e4tigungen, wenn der Vertrag wenn der Termin oder Zeitraum vorsieht (BGB \u00a7312g Widerrufsrecht Abs. 2 Nr. 9 BGB).<\/p>\n<p>2.4<em>\u00a0R\u00fccktritt<\/em><br \/>Gruppenstunden und Workshops<br \/>Absagen m\u00fcssen schriftlich per E- Mail erfolgen, an <a href=\"mailto:heidi@timzim.de\">heidi@timzim.de<\/a>. Bei einer Absage bis zu 10 Tagen vor der jeweiligen Veranstaltung wird eine Bearbeitungsgeb\u00fchr von 15,- Euro f\u00e4llig. Bei Stornierung zu einem sp\u00e4teren Zeitpunkt wird die gesamte Bearbeitungsgeb\u00fchr f\u00e4llig. Ein\/e Ersatzteilnehmer\/in kann jederzeit kostenfrei genannt werden. Bei Ausstieg aus einem laufenden Kurs werden bereits geleistete Geb\u00fchren nicht zur\u00fcckerstattet.<br \/><span style=\"font-size: 14px;\"><br \/><em>2.4.1 Ausnahmen<\/em><br \/><\/span>Eine Kennenlernstunde eines laufenden Kurses kostet 15,- Euro und f\u00fcr das Testen des Kursangebotes gedacht. Nach dieser Stunde k\u00f6nnen Sie sich entscheiden, ob Sie weiter an meinem FELDENKRAIS-Angebot teilnehmen m\u00f6chten. Der Betrag wird mit der anfallenden\u00a0Kursgeb\u00fchr verrechnet.<br \/><span style=\"font-size: 14px;\">Einzelstunden eines laufenden Kurses berechtigen zum einmaligen Besuch eines regul\u00e4ren, offenen Kurses der Veranstalterin. Sie k\u00f6nnen vor Ort in bar bezahlt werden.\u00a0<\/span><\/p>\n<p><em>2.5. Einzelstunden &#8222;Funktionale Integration&#8220; &amp; &#8222;Wellness- Fu\u00dfreflexzonen- Massage&#8220;<\/em><br \/>Die vereinbarten Termine sind verbindlich und werden im Voraus bezahlt. Im Falle von Verhinderung oder Krankheit k\u00f6nnen Sie Ihren Termin bis zu 48 Stunden vorher kostenlos absagen oder verschieben, danach wird Ihre Bezahlung nicht mehr zur\u00fcckerstattet<\/p>\n<p><strong><em>3. Haftungsausschluss<\/em><\/strong><br \/>Die Teilnahme an FELDENKRAIS-Kursen und individuellen Behandlungen geschieht in eigener Verantwortung. Diese stellen keine Gesundheitsberatung dar und ersetzen nicht eine etwa gebotene \u00e4rztliche oder naturheilkundliche Beratung oder Behandlung.\u00a0Haftung f\u00fcr Sch\u00e4den und Verluste jeder Art kann nicht \u00fcbernommen werden. FELDENKRAIS ist eine Lernmethode und ersetzt keine therapeutische oder medizinische Ma\u00dfnahme. Ich gebe ausdr\u00fccklich kein Heilversprechen, stelle keine Diagnosen. Meine Methode ist im Sinn der Schulmedizin nicht wissenschaftlich erwiesen. Ich kann keine Erfolge garantieren und \u00fcbernehme f\u00fcr das ausbleiben der gew\u00fcnschten Wirkung keine Haftung.<\/p>\n<p><strong><em>4. Datenschutz<\/em><\/strong><br \/>Mit der Anmeldung erkl\u00e4ren Sie sich mit der Speicherung Ihrer Daten einverstanden. Ich verwende die Daten ausschlie\u00dflich, um die Kurse abzuwickeln und \u00fcber mein Angebot zu informieren. Diese Daten werden nicht weitergegeben.<\/p>\n<p><em><strong>5. Termin\u00e4nderung \/ Ausfall<\/strong><\/em><br \/>Ich behalte mir vor, einzelne Termine oder Kurse kurzfristig abzusagen. Bereits gezahlte Teilnahmegeb\u00fchren werden zur\u00fcckerstattet oder k\u00f6nnen verrechnet werden.<\/p>\n<p><strong><em>6. \u00c4nderungen<\/em><\/strong><br \/>M\u00fcndliche Nebenabreden werden nicht getroffen. \u00c4nderungen und Erg\u00e4nzungen dieser AGB und s\u00e4mtlicher Mitgliedschaftsvertr\u00e4ge bed\u00fcrfen der Schriftform. Gerichtsstand f\u00fcr s\u00e4mtliche Auseinandersetzungen ist Poststrasse 44, 75328 Sch\u00f6mberg. Sollten eine oder mehrere Bestimmungen dieser AGB unwirksam sein oder werden, so wird dadurch die Wirksamkeit der \u00fcbrigen Bestimmungen nicht ber\u00fchrt.<\/p>\n<p><\/p>\n<p><strong>Sch\u00f6mberg, Dezember 2024<\/strong><br \/><strong>Heidi Zimmermann<\/strong><\/p>\n<p><\/p>[\/et_pb_text][\/et_pb_column][\/et_pb_row][\/et_pb_section]","protected":false},"excerpt":{"rendered":"<p>ALLGEMEINE GESCH\u00c4FTSBEDINGUNGEN (AGB) GeltungsbereichDie folgenden Allgemeinen Gesch\u00e4ftsbedingungen regeln das Vertragsverh\u00e4ltnis zwischen den TeilnehmerInnen und Heidi Zimmermann ( im Folgenden Veranstalterin genannt). AnwendungsbereichDiese AGB`s gelten f\u00fcr s\u00e4mtliche FELDENKRAIS\u00ae-Angebote von Heidi Zimmermann an unterschiedlichen Wirkungsst\u00e4tten, sowie Online via Zoom, sofern die jeweiligen Vertr\u00e4ge zur Teilnahme an den Angeboten nicht davon abweichen. Sie sind somit Bestandteil aller Vertr\u00e4ge [&hellip;]<\/p>\n","protected":false},"author":1,"featured_media":0,"parent":0,"menu_order":0,"comment_status":"closed","ping_status":"closed","template":"","meta":{"_et_pb_use_builder":"on","_et_pb_old_content":"<!-- wp:paragraph -->\n<p>1 Anwendungsbereich<br>Diese AGB`s gelten f\u00fcr s\u00e4mtliche FELDENKRAIS\u00ae-Angebote von Heidi Zimmermann an unterschiedlichen Wirkungsst\u00e4tten, sowie Online via Zoom, sofern die jeweiligen Vertr\u00e4ge zur Teilnahme an den Angeboten nicht davon abweichen. Sie sind somit Bestandteil aller Vertr\u00e4ge zwischen Heidi Zimmermann und Teilnehmenden an Kursen, Workshops und anderer Veranstaltungen. Es wird bei Vertragsabschluss auf die AGB hingewiesen.<\/p>\n<!-- \/wp:paragraph -->\n\n<!-- wp:paragraph -->\n<p>2 Teilnahme an Angeboten<\/p>\n<!-- \/wp:paragraph -->\n\n<!-- wp:paragraph -->\n<p>2.1 Teilnahmef\u00e4higkeit<br>Mit der Anmeldung erkl\u00e4ren Sie, dass der Teilnahme an Kursen, Workshops o.\u00e4. keine gesundheitlichen Bedenken entgegenstehen.<\/p>\n<!-- \/wp:paragraph -->\n\n<!-- wp:paragraph -->\n<p>2.2 Anmeldung<br>Ihre Anmeldung zu einem FELDENKRAIS-Kurs erfolgt via E-Mail oder per Telefon unter Angabe von Namen und Adresse. Die schriftliche oder m\u00fcndliche Anmeldung zu einem Kurs gilt als verbindlich, sobald sie von der Veranstalterin best\u00e4tigt wurde. Die Anmeldung verpflichtet zur Bezahlung der gesamten Geb\u00fchr, auch wenn der Unterricht nicht oder nur teilweise im gebuchten Zeitraum besucht werden kann. Die Anmeldung berechtigt Sie zur Teilnahme an dem Kurs. <\/p>\n<!-- \/wp:paragraph -->\n\n<!-- wp:paragraph -->\n<p>Mit Ihrer Anmeldung bzw. der Teilnahme erkennen Sie diese AGB ausdr\u00fccklich an. Abweichungen von diesen Bedingungen und andere Nebenabreden bed\u00fcrfen der Schriftform.<\/p>\n<!-- \/wp:paragraph -->\n\n<!-- wp:paragraph -->\n<p>2.3 R\u00fccktritt<br>Eine kostenfreie Absage von Seiten der teilnehmenden Person ist bis 10 Tage vor Kursbeginn m\u00f6glich. Bei einer sp\u00e4teren Absage wird eine Ausfallgeb\u00fchr von 60% des vereinbarten Gesamtbetrags f\u00e4llig. Bei Ausstieg aus einem laufenden Kurs werden bereits geleistete Geb\u00fchren nicht zur\u00fcckerstattet. Eine Ersatzperson kann jederzeit kostenfrei teilnehmen.<\/p>\n<!-- \/wp:paragraph -->\n\n<!-- wp:paragraph -->\n<p>2.4 Bezahlung<br>Mit Beginn des Kurses ist die Kursgeb\u00fchr in bar zu begleichen.<\/p>\n<!-- \/wp:paragraph -->\n\n<!-- wp:paragraph -->\n<p>2.4.1 Ausnahmen<br>Eine Schnupperstunde kostet 15,- Euro und f\u00fcr das Testen des Kursangebotes gedacht. Nach dieser Stunde k\u00f6nnen Sie sich entscheiden, ob Sie weiter an meinem FELDENKRAIS-Angebot teilnehmen m\u00f6chten.<\/p>\n<!-- \/wp:paragraph -->\n\n<!-- wp:paragraph -->\n<p>Einzelstunden eines laufenden Kurses berechtigen zum einmaligen Besuch eines regul\u00e4ren, offenen Kurses der Veranstalterin. Sie k\u00f6nnen vor Ort in bar bezahlt werden. Eine Einzelstunde kostet 17,- Eur..<\/p>\n<!-- \/wp:paragraph -->\n\n<!-- wp:paragraph -->\n<p>Heidi Zimmermann&nbsp;Feldenkrais Lehrerin i. A.<br>Poststrasse 44, 75328 Sch\u00f6mberg, heidi@timzim.de, mobil: 0171 9560078<\/p>\n<!-- \/wp:paragraph -->\n\n<!-- wp:paragraph -->\n<p>2.5 Haftungsausschluss<br>Die Teilnahme an FELDENKRAIS-Kursen und individuellen Behandlungen geschieht in eigener Verantwortung. Diese stellen keine Gesundheitsberatung dar und ersetzen nicht eine etwa gebotene \u00e4rztliche oder naturheilkundliche Beratung oder Behandlung.&nbsp;Haftung f\u00fcr Sch\u00e4den und Verluste jeder Art kann nicht \u00fcbernommen werden.<\/p>\n<!-- \/wp:paragraph -->\n\n<!-- wp:paragraph -->\n<p>3 Datenschutz<\/p>\n<!-- \/wp:paragraph -->\n\n<!-- wp:paragraph -->\n<p>4 Termin\u00e4nderung \/ Ausfall<br>Ich behalte mir vor, einzelne Termine oder Kurse kurzfristig abzusagen. Bereits gezahlte Teilnahmegeb\u00fchren werden zur\u00fcckerstattet oder k\u00f6nnen verrechnet werden.<\/p>\n<!-- \/wp:paragraph -->\n\n<!-- wp:paragraph -->\n<p>5 \u00c4nderungen<br>M\u00fcndliche Nebenabreden werden nicht getroffen. \u00c4nderungen und Erg\u00e4nzungen dieser AGB und s\u00e4mtlicher Mitgliedschaftsvertr\u00e4ge bed\u00fcrfen der Schriftform. Gerichtsstand f\u00fcr s\u00e4mtliche Auseinandersetzungen ist 75328 Sch\u00f6mberg. Sollten eine oder mehrere Bestimmungen dieser AGB unwirksam sein oder werden, so wird dadurch die Wirksamkeit der \u00fcbrigen Bestimmungen nicht ber\u00fchrt.<\/p>\n<!-- \/wp:paragraph -->\n\n<!-- wp:paragraph -->\n<p>Sch\u00f6mberg, April 2023<\/p>\n<!-- \/wp:paragraph -->","_et_gb_content_width":"","footnotes":""},"class_list":["post-154","page","type-page","status-publish","hentry"],"_links":{"self":[{"href":"https:\/\/www.heidi-feldenkrais.de\/sample-page\/index.php?rest_route=\/wp\/v2\/pages\/154","targetHints":{"allow":["GET"]}}],"collection":[{"href":"https:\/\/www.heidi-feldenkrais.de\/sample-page\/index.php?rest_route=\/wp\/v2\/pages"}],"about":[{"href":"https:\/\/www.heidi-feldenkrais.de\/sample-page\/index.php?rest_route=\/wp\/v2\/types\/page"}],"author":[{"embeddable":true,"href":"https:\/\/www.heidi-feldenkrais.de\/sample-page\/index.php?rest_route=\/wp\/v2\/users\/1"}],"replies":[{"embeddable":true,"href":"https:\/\/www.heidi-feldenkrais.de\/sample-page\/index.php?rest_route=%2Fwp%2Fv2%2Fcomments&post=154"}],"version-history":[{"count":6,"href":"https:\/\/www.heidi-feldenkrais.de\/sample-page\/index.php?rest_route=\/wp\/v2\/pages\/154\/revisions"}],"predecessor-version":[{"id":1483,"href":"https:\/\/www.heidi-feldenkrais.de\/sample-page\/index.php?rest_route=\/wp\/v2\/pages\/154\/revisions\/1483"}],"wp:attachment":[{"href":"https:\/\/www.heidi-feldenkrais.de\/sample-page\/index.php?rest_route=%2Fwp%2Fv2%2Fmedia&parent=154"}],"curies":[{"name":"wp","href":"https:\/\/api.w.org\/{rel}","templated":true}]}}